x.
12
Let u be (2/5)/(3/15). Let p = -16332 - -16376. Calculate the highest common factor of p and u.
2
Let c = -11017 + 11655. What is the highest common factor of 198 and c?
22
Suppose 0 = -10*v - 35630 - 21970. Let y be (12/(-5))/(4*6/v). What is the greatest common divisor of y and 18?
18
Let s(a) = -60*a - 29*a + 25*a + 59 - 33*a. Let k be s(-5). What is the highest common factor of 34 and k?
34
Let l be ((-18)/18)/((-2)/(1 + 31)). Calculate the greatest common divisor of 62 and l.
2
Let q be -2*(-675)/10 - 4. Suppose -2*c + 111 = -q. Let o be 1/8 - 2175/(-200). What is the highest common divisor of c and o?
11
Suppose -381*p = -307*p - 666. What is the greatest common factor of 669 and p?
3
Let w be -52*((-35)/4 - (-12 + 6)). What is the greatest common divisor of 517 and w?
11
Let t(d) = -d**3 + 69*d**2 - 25*d + 173. Let l be t(68). What is the greatest common divisor of 171 and l?
19
Suppose 0 = -4*c - t + 90, 2*t + 84 = 758*c - 755*c. What is the highest common divisor of 74 and c?
2
Let r(z) = -13*z**2 - 15*z - 244. Let q(h) = 7*h**2 + 7*h + 120. Let x(c) = -11*q(c) - 6*r(c). Let s be x(-10). What is the highest common divisor of 266 and s?
38
Let q(h) = -h**3 + 8*h**2 + 35*h - 17. Let x be q(11). Suppose n = -4*k, -k + 41 + 54 = x*n. Calculate the highest common factor of n and 250.
10
Suppose -1601*t + 1694*t = 430683. What is the highest common factor of 55 and t?
11
Let z be (-8052)/(-228) + (-12)/38. Calculate the highest common factor of z and 1939.
7
Suppose 1614 = 5*f + 2*g, -f + 166 = -g - 161. What is the highest common factor of 18 and f?
18
Let t = 274 - 155. Let m be (-42)/(-40) + 128/(-160) - 220/(-16). What is the greatest common divisor of t and m?
7
Let l be 2*2*9/3. Let u be (-4 - (5754/l)/(-7))*2. What is the highest common divisor of 215 and u?
43
Let v = -35184 + 35328. Let z(q) = 15*q**2 + 2*q + 4. Let p be z(4). What is the highest common factor of p and v?
36
Let b = 311 - 119. Let j be (b/5)/(99/30 - 3). Let d be (96/(-18))/((-1)/3). What is the highest common factor of d and j?
16
Suppose 21*w = 5*o + 20*w - 252, 0 = o + 5*w - 40. What is the highest common factor of o and 170?
10
Let c be ((-5069)/(-148) + -19)/((-1)/(-8)). Let m be -1 + 1 - (-305 - 0). Calculate the greatest common factor of c and m.
61
Suppose 5*o - 69 = 3*t + 132, -4*t - 2*o = 294. Let z = 80 + t. What is the greatest common factor of z and 24?
8
Let s = 19606 - 18256. What is the greatest common factor of s and 495?
45
Let p = 11 + -23. Let i be (10 + p)*(-2)/(4/567). What is the greatest common factor of 63 and i?
63
Let b be ((-116)/16 - -2)/((-21)/1568). Let o = b + -381. Calculate the highest common factor of o and 473.
11
Let c(z) be the second derivative of z**5/20 - 11*z**4/6 + 7*z**3/6 - 59*z**2 - 87*z. Let f be c(22). What is the highest common factor of f and 117?
9
Let v = 140 - 138. Suppose -4 + 10 = -r. Let z be r/9*(-5 + v). What is the highest common factor of z and 5?
1
Let s be 28 - (-330764)/462 - (-2)/33. Calculate the highest common divisor of 96 and s.
24
Let l(d) = -2*d**2 + 364*d + 2706. Let h be l(-7). Let o = 2408 - 1718. What is the greatest common divisor of o and h?
30
Let r be (-18)/(-144) + ((-206)/(-16) - 1). Let f(b) = -2*b. Let a be f(-15). Calculate the greatest common divisor of r and a.
6
Suppose -x + 4 = 0, 0 = r - 2*x - 0 - 22. Suppose -3*y - 690 = -5*a, -13*a + 18*a - y = 680. What is the greatest common divisor of a and r?
15
Let t = 1240 + -873. Suppose 2*g - 71 = -y, -2*g = 8*y - 13*y + t. What is the greatest common factor of 1387 and y?
73
Suppose 108*b - 104*b = 2*t - 1428, 2136 = 3*t - 4*b. Let s = 1 - -11. What is the highest common factor of s and t?
12
Let n = 240 - 223. Let o(r) = r**2 - 15*r + 51. Let k be o(n). What is the greatest common factor of k and 340?
85
Suppose 25 = -5*s, 27*h - 22*h = 4*s - 3345. Let q = -659 - h. Calculate the greatest common factor of 42 and q.
14
Let c(x) = -350*x - 4026. Let g be c(-13). What is the greatest common factor of 1441 and g?
131
Let w = 4040 + -3980. What is the greatest common divisor of 264 and w?
12
Suppose -3*p - 31 = -t, 0 = -5*t + 5*p + 116 + 19. Let f be (-61 + t)*(-3)/2. Calculate the greatest common divisor of 126 and f.
18
Let u be 72435/(-66)*(-28)/10. Calculate the highest common divisor of u and 42.
7
Let t(h) = -8 + 369*h**2 - 9*h + 0*h - 8 - 6*h. Let f be t(-1). What is the greatest common factor of 8 and f?
8
Let r = -17591 - -17624. Calculate the highest common divisor of r and 5379.
33
Let v = -78 + 103. Suppose v*p = -269 + 2919. What is the greatest common divisor of 265 and p?
53
Suppose 64*v + 32*v + 698 - 14906 = 0. What is the highest common factor of v and 1332?
148
Let m = -4569 + 6082. Calculate the greatest common factor of 267 and m.
89
Let q(g) = -4*g - 7. Let a be q(-6). Suppose a - 5 = 3*t. Let v(h) = -3*h**2 - 42*h + 218. Let l be v(-18). Calculate the highest common divisor of l and t.
2
Let w be ((-30)/(-24) - 2) + (-178)/8. Let x be (w/4 + 4)*-4. Suppose -5*g + g = -q + 33, 0 = -3*q + 4*g + 131. Calculate the greatest common factor of x and q.
7
Let o be ((-1455)/1940)/((15/228)/(-5)). Calculate the greatest common factor of 43149 and o.
57
Let w be 8/(-4) - 9*-1. Let c be (-9)/(-15)*16*280/12. Calculate the greatest common factor of c and w.
7
Suppose 14*c = -554 + 2248. Let v = c + 23. What is the greatest common divisor of v and 9?
9
Suppose 258 = 15*r + 213. Let i(z) be the second derivative of 5*z**4/12 - 2*z**3/3 - z**2/2 - z. Let n be i(r). What is the greatest common factor of 8 and n?
8
Suppose 3*d - 4*d = 2*a - 180, -4*a + 930 = 5*d. Let q(z) = 201*z + 34235. Let h be q(-169). Calculate the highest common factor of h and d.
38
Let b = 2489 + -299. What is the highest common factor of b and 584?
146
Suppose 8*u + 7544 = 7672. What is the highest common factor of u and 4456?
8
Suppose 175032 = -37*k + 76*k. Calculate the highest common factor of 51 and k.
51
Suppose 3 = -t, 6*t + 2226 = -4*v + 4*t. Let i = -549 - v. What is the highest common factor of i and 42?
6
Let v(h) = h**2 - 293*h - 27. Let l be v(-11). What is the greatest common divisor of 31 and l?
31
Let r = -287 + 571. Let p = r - 231. Calculate the greatest common factor of 53 and p.
53
Suppose y = 5*h - 7, 2*y = 3*h - 0*h. Let t(p) = p**2 - 3. Let b be t(y). Let u = -2312 - -2360. Calculate the greatest common factor of b and u.
6
Suppose a - 562 = -154. Let n be (-7 - 261/(-45)) + a/15. Suppose 0 = -o + 83 + 125. What is the highest common divisor of o and n?
26
Let a(l) = l**3 + 8*l**2 - 58*l - 2. Suppose -109 + 139 = 6*c. Let o be a(c). Calculate the highest common factor of o and 275.
11
Let t(n) = 3*n**2 + n - 2. Let s(k) = -k**3 - 4*k**2 + 6*k + 8. Let c be s(-5). Let w be t(c). Calculate the highest common factor of w and 7.
7
Let s = 240 + -164. Calculate the greatest common divisor of 204 and s.
4
Let k be 2 + (6/(-66) - (-222)/22). Suppose -9*t = k*t - 4998. What is the greatest common divisor of 28 and t?
14
Let g(s) = -s**2 - 14*s + 86. Let y be g(5). Let j be 0 + y + 191 + -2. What is the greatest common divisor of j and 15?
15
Suppose -28940 = -51*n + 297715. What is the highest common divisor of n and 15?
15
Suppose 13*x = 32*x - 95. Suppose -2*l - 4*g + 216 = 0, -x*l - 4*g = -12 - 504. What is the greatest common factor of 4 and l?
4
Let r be 7/((-21)/(-33))*(-4)/(-2). Suppose -2502*k = -2500*k - 44. What is the highest common factor of r and k?
22
Suppose 2*r + 176 = -2*r. Let j = r + 74. Suppose 2*t - j - 16 = 0. Calculate the greatest common factor of 253 and t.
23
Let i(n) = 24 - 22*n + 56*n - 18*n - 21*n. Suppose -4*p - 2*z = z - 6, 0 = -3*p + 5*z - 10. Let l be i(p). Calculate the highest common factor of l and 48.
24
Let c(o) = 4*o**3 + 54*o**2 - 7*o - 51. Let l be c(-10). What is the greatest common factor of l and 43?
43
Let j = -4449 - -6501. What is the greatest common divisor of 1188 and j?
108
Let g = -7401 + 7724. Calculate the greatest common divisor of 38 and g.
19
Let j be -48 + 2 + (-7 - 1). Let v be j/(-9)*10/4. Let c be 160/(-6)*9/(-2). Calculate the greatest common factor of v and c.
15
Let g(u) = -3*u**3 - 3*u**2 - 2*u + 2. Let w be g(-2). Let q = 62177 + -61763. What is the greatest common fac